- 2*p + s, -p = -5*k + 38. Calculate the greatest common factor of 7 and k.
7
Let t be (16/10)/((-6)/(-135)). Let z(i) = i**3 - 5*i**2 + 5*i + 5. Let a be z(4). Calculate the highest common factor of a and t.
9
Suppose -4*x + 210 = -x. Suppose x = 5*q - 80. What is the greatest common divisor of 12 and q?
6
Let q = 90 - 87. Let l(j) = -17*j - 3. Let h be l(-6). Suppose h = q*a - 0. Calculate the highest common divisor of a and 11.
11
Suppose -3*b - 4*a = -55, -3*a + 77 = 5*b - 0*a. Let m be -10*((-156)/(-10))/(-2). What is the greatest common divisor of m and b?
13
Let n be (150/20)/(3/28). Calculate the greatest common factor of n and 175.
35
Let b = -36 + 102. Calculate the greatest common divisor of 165 and b.
33
Let q = 120 - 11. Suppose 107 = 4*w - q. What is the greatest common divisor of w and 6?
6
Let h be 10 - (2 + -4 + 0). What is the greatest common divisor of 12 and h?
12
Suppose m = 12*m - 385. What is the greatest common factor of 140 and m?
35
Suppose d = -0*d - 1. Let b be 1*-6*d/(-3). Let w be 113 + -6 + 5 + b. Calculate the highest common divisor of w and 10.
10
Let j be 331 + (5 - 18/6). Calculate the highest common divisor of j and 37.
37
Suppose -m - g = -8 - 49, 2*g - 234 = -4*m. Suppose 2*d - 226 + m = -4*c, 5*c - 2*d - 230 = 0. Calculate the greatest common divisor of 4 and c.
4
Let f be (-4 - 6)*-1*4. Let s be (-3)/1 + 24/3. Calculate the greatest common factor of s and f.
5
Suppose 3*d + 3*p = -p + 127, 3*d - 2*p = 139. Suppose 71 = 2*f - 5. Let m = f + -20. Calculate the greatest common factor of m and d.
9
Let r = -83 - -125. Calculate the greatest common divisor of 6 and r.
6
Let f = 2 - -2. Let g be (3 + (-1 - f))*-1. Suppose g*j - c = 6*j - 155, -2*c = -4*j + 158. What is the greatest common factor of 26 and j?
13
Let l = 12 - -8. Calculate the highest common factor of l and 5.
5
Let s(n) = n**2 + 3*n + 4. Let i be s(-2). Calculate the highest common divisor of 14 and i.
2
Let o(r) = -r**3 - 4*r**2 - r + 4. Let c be o(-3). Let x = 28 - c. Calculate the highest common divisor of x and 10.
10
Suppose -2*c = 5*f - 3*f - 12, -2*c + f + 12 = 0. Suppose -c*h + 26 = -4*h. Let j = -8 + h. Calculate the greatest common factor of 25 and j.
5
Suppose -2*v + 72 = v. Suppose 0 = -6*l + 128 + 304. What is the highest common divisor of l and v?
24
Suppose -m = -q - 0*m + 13, -5*m + 75 = 5*q. Let i(o) = o + 14. Let t be i(0). Calculate the highest common divisor of t and q.
14
Let p(n) = n**2 - 9*n - 7. Let r be p(10). Suppose -r*g = -0*g - 90. Let i be ((-20)/(-6))/((-2)/(-12)). What is the greatest common divisor of g and i?
10
Let j(r) = r**2 + 4*r + 4. Let p be j(10). Suppose -2*c = -3*c. Suppose -q + 4*q - p = c. What is the highest common factor of q and 6?
6
Let p = 53 - 28. What is the highest common factor of 275 and p?
25
Let n be 32/24*(-3)/(-2). What is the greatest common divisor of 16 and n?
2
Let z = 67 - -17. Let s = z - 54. What is the greatest common factor of s and 6?
6
Let j be 6/(-4) + 297/22. What is the greatest common divisor of j and 8?
4
Let r(p) = p**2 + 6*p + 6. Let k be r(-6). Suppose 40 = -y + k*y. Calculate the highest common divisor of 8 and y.
8
Suppose -12 = -3*g + 18. Suppose 0*h + 100 = 2*h. What is the greatest common factor of g and h?
10
Suppose 0*l - 2*l + 20 = 2*k, 5*k = -4*l + 46. Suppose 0 = -7*n + 2*n + 20. Suppose 8 = n*x - 28. Calculate the greatest common divisor of x and k.
3
Suppose 4*v + 34 = 50. Calculate the highest common factor of v and 44.
4
Let v(z) = 33*z**2 + z - 2. Let c be v(-2). Calculate the greatest common divisor of c and 16.
16
Let a(d) = -d**3 + 8*d**2 - 7*d - 3. Let h be a(7). Let n = h - 1. Let s be 2/n*(-24)/6. What is the greatest common factor of s and 5?
1
Let s = 168 + -91. What is the greatest common divisor of s and 14?
7
Let h(o) = -o**3 - 8*o**2 - 4*o + 4. Let d be h(-8). Calculate the greatest common factor of 90 and d.
18
Let o = -16 + 30. Let i = -125 + 343. Suppose -2*g = -i - 6. Calculate the highest common factor of g and o.
14
Let i(x) = 5*x + 8. Let w be i(6). What is the greatest common divisor of w and 19?
19
Let x be -2 - 2*(-3 + -3). Suppose -3*y = -4*y + x. What is the greatest common divisor of y and 2?
2
Let j = 23 - -4. Let s = j - 19. Suppose -6 = -3*r - 0*r. What is the highest common divisor of r and s?
2
Let h be 15/6*4/5. Suppose 4*q - 3*v = -h*v - 8, -2*q = -4*v + 18. Let g be 12 + q/(-1 + 2). What is the greatest common factor of g and 44?
11
Let s(h) = -h + 6. Let o be s(5). Let a be 30/o*(-7)/(-21). Calculate the highest common divisor of a and 110.
10
Let m be 5/2*24/1. Let k be ((-12)/(-14))/(5/140). Calculate the highest common divisor of k and m.
12
Let s = 51 + -111. Let h be (8 - 9)/(2/s). Calculate the highest common divisor of h and 10.
10
Let i be (-2)/11 - 1825/(-55). What is the greatest common divisor of 22 and i?
11
Let y be (-1)/(-5) - (-145)/25. Let x be (8/12)/((-1)/(-12)). Let q = -5 + x. What is the highest common divisor of y and q?
3
Let x be ((-1)/(-2))/(2/380). Suppose 0 = 5*j - 3*j - 76. What is the greatest common divisor of j and x?
19
Let n be ((-14)/6)/(-1 + (-14)/(-15)). What is the highest common divisor of 7 and n?
7
Suppose q + 4*l + 2 = 0, -q - 3*l - 29 = -3*q. Suppose 0 = -4*j + 2 + 26. Suppose -127 = -4*g - j. What is the greatest common divisor of q and g?
10
Let j be (-36)/60 + 6/10. Suppose q = 13 - j. Calculate the greatest common divisor of 26 and q.
13
Let o(n) = 4*n**2 - 7*n + 13. Let h be o(6). Let r(y) = -16*y - 2. Let q be r(-3). What is the highest common divisor of q and h?
23
Let m = 41 - 38. Let w = -1 - -2. What is the highest common factor of m and w?
1
Suppose -i + 13 = 1. What is the greatest common divisor of i and 30?
6
Let z be -2 + (20 - (-1 + 3)). Let a = -174 - -357. Let w = -71 + a. Calculate the highest common factor of z and w.
16
Suppose -2*t + 6 = 0, 3*r - 4*t = -t + 516. Calculate the highest common divisor of 25 and r.
25
Let x be (-58)/(-5) - (-2)/5. Suppose 0 = -2*v + 10, -q - 15*v = -10*v - 28. Calculate the greatest common divisor of q and x.
3
Let b(j) = -j**3 + j**2 - j + 78. Let z be b(0). Suppose -6*h + z = -3*h. What is the highest common divisor of h and 39?
13
Let j(k) = -2*k - k - k - 7. Let n be j(-6). Let u = n - 7. Calculate the highest common factor of u and 30.
10
Suppose 6*x = 3*x + 2*d + 19, d = -3*x + 13. Suppose -154 = -x*u - 44. Calculate the greatest common factor of 55 and u.
11
Suppose 3*k = -5*f + 645, 4*f - 529 = -5*k - 0*k. What is the greatest common factor of 14 and f?
14
Let o be (-2)/(-7) + (-4122)/(-126). Calculate the greatest common factor of 22 and o.
11
Suppose 1 = -n + 10. Let z be 12/(-10)*(-80)/24. Suppose -6*h + z*h = -36. What is the highest common divisor of h and n?
9
Let l(y) = y**3 + 11*y**2 - 11*y + 22. Let r be l(-12). What is the greatest common factor of r and 70?
10
Let b be 301 + (-8 - 8/(-2)). What is the highest common divisor of 27 and b?
27
Suppose -4*y + 11 = -4*l + 75, -4*y - 4 = 0. Suppose 13*b - 23*b = -300. Calculate the greatest common factor of l and b.
15
Suppose -2*z - 31 = -2*m - m, -4*m - z + 23 = 0. Calculate the greatest common factor of 35 and m.
7
Suppose -5*d - k = -793, -3*k + 6*k = -4*d + 641. Let q be -3*(3 + d/(-6)). Calculate the highest common divisor of 28 and q.
14
Let c(j) = -j**2 + 15*j + 14. Let l be c(10). Calculate the highest common divisor of 8 and l.
8
Let u be 1 + -3 + 1 + 6. Let t(w) = w**3 - 4*w**2 - 2*w - 2. Let l be t(5). Let d = l - -2. What is the greatest common divisor of d and u?
5
Suppose -3*h - 5*n = -14, 3*n = 2*h - h - 14. Suppose -5*d - 3*z = -h*z - 50, -5 = d + 4*z. What is the highest common divisor of 14 and d?
7
Let f be (-8)/(-40) - (-34)/5 - -1. Suppose n - 2*m = -6*m + 52, 0 = -3*m - 9. Calculate the highest common factor of f and n.
8
Suppose -6*m + 19 = 7. Calculate the greatest common factor of 16 and m.
2
Suppose 75 = -4*b + b. Let f = b + 37. Calculate the highest common factor of f and 96.
12
Let i(x) = x**2 - 18*x + 13. Let t be i(18). Calculate the highest common divisor of 104 and t.
13
Suppose 0 = t - 3*t. Suppose -3*u - 4 = -4*u. Suppose -u*l + 5*l - 2 = t. What is the greatest common factor of 10 and l?
2
Suppose -127 = -5*q + 173. Calculat